in base 12?
-1512886
981579 (base 12) to base 9
4470033
-50940c (base 16) to base 6
-305104020
Convert 6a41a3 (base 11) to base 2.
100010001000001000010
What is -1011110011101001110001 (base 2) in base 16?
-2f3a71
-4680 (base 14) to base 3
-121211020
What is 33572a (base 13) in base 14?
23786a
What is -117015 (base 9) in base 12?
-34b1b
Convert -4afc26 (base 16) to base 6.
-253154554
What is 1201002221201 (base 3) in base 8?
3354462
-175342 (base 11) to base 4
-1002010022
-2210568 (base 10) to base 6
-115214040
Convert 555053424 (base 6) to base 15.
d344bd
What is -20112002201 (base 3) in base 9?
-215081
Convert 68a10 (base 14) to base 10.
254422
Convert 2758c (base 15) to base 12.
60bb0
-194cc0 (base 15) to base 14
-240a7a
244112 (base 7) to base 9
67218
Convert 48290 (base 16) to base 14.
79a00
Convert -2893359 (base 10) to base 6.
-142003103
Convert 1244699 (base 11) to base 4.
20032330301
42346a (base 14) to base 7
25005363
What is -62302 (base 8) in base 2?
-110010011000010
What is 5831472 (base 9) in base 2?
1100000001001000111110
-3419509 (base 12) to base 14
-1480ac9
What is -1389d0b (base 14) in base 7?
-143362314
Convert 4478133 (base 11) to base 6.
440041340
Convert -14513542 (base 6) to base 11.
-3173a6
Convert -268731 (base 12) to base 11.
-3a5605
53b32 (base 14) to base 2
110001011100010000
What is -1c2308 (base 13) in base 5?
-141001214
Convert -1c1dc (base 16) to base 14.
-2dd80
What is 32fca4 (base 16) in base 13?
8ccc08
What is -144343110 (base 6) in base 12?
-1014a96
What is -220111220211 (base 3) in base 5?
-110420124
-1403066 (base 8) to base 16
-60636
What is -82415 (base 9) in base 3?
-2202110112
72205 (base 9) to base 2
1011100111000000
Convert 272ae (base 16) to base 2.
100111001010101110
Convert -2647760 (base 9) to base 15.
-1d9599
What is 33366 (base 11) in base 3?
2110022210
1a403 (base 12) to base 15
b680
Convert -11000001022110 (base 3) to base 8.
-10071601
What is -11011011110000001 (base 2) in base 8?
-333601
What is 2b85b (base 12) in base 3?
10010122022
-1301420 (base 5) to base 3
-1021121122
What is -1131336 (base 7) in base 15?
-2c1d6
2257355 (base 9) to base 2
100101001101001101101
Convert 141896 (base 13) to base 12.
1b7135
Convert -212832 (base 9) to base 12.
-61462
What is -1b391 (base 16) in base 6?
-2220121
Convert 1510155 (base 8) to base 14.
b2abb
Convert -a8b52 (base 12) to base 5.
-24112310
What is dc639 (base 14) in base 4?
2002100323
-1010100011010110100111 (base 2) to base 15
-399967
Convert -14a52 (base 14) to base 6.
-1034024
Convert -1433a99 (base 11) to base 16.
-259ce7
What is 13006550 (base 7) in base 10?
1178828
Convert 217180 (base 9) to base 16.
1fb7b
412570 (base 11) to base 13
1a2538
What is -60327 (base 12) in base 3?
-20100022011
Convert 7112566 (base 11) to base 2.
101111111111010001110110
What is -783346 (base 13) in base 3?
-12100000110201
Convert -40524621 (base 7) to base 5.
-1331302230
100000010011100000111 (base 2) to base 15
15d9b2
-92028 (base 14) to base 11
-21aa05
What is -a866346 (base 11) in base 4?
-1020313021213
322352 (base 6) to base 3
1100100012
-6e4583 (base 15) to base 5
-2322422443
Convert 2222103100 (base 4) to base 7.
5633452
Convert -10111110101010111111 (base 2) to base 16.
-beabf
Convert 3749480 (base 10) to base 2.
1110010011011001101000
-5547667 (base 8) to base 12
-601187
-7b33 (base 15) to base 3
-1022212110
What is 187421 (base 9) in base 14?
308bd
Convert -4763b (base 16) to base 6.
-10133431
What is 124311101 (base 6) in base 7?
26555512
-210210022 (base 3) to base 2
-11111000001100
-525165 (base 8) to base 16
-2aa75
-78026 (base 9) to base 13
-1a754
What is 10000110000100111111 (base 2) in base 5?
120033213
Convert 57d7 (base 14) to base 3.
202221222
Convert -1001111100011011111 (base 2) to base 5.
-40411410
Convert -a4978 (base 14) to base 12.
-1718ba
What is 331320055 (base 6) in base 16?
5acf23
-5898477 (base 11) to base 6
-1004311102
What is -53043313 (base 6) in base 10?
-1545597
What is -556160 (base 8) in base 7?
-1410442
Convert 1444204 (base 5) to base 13.
11265
-112312 (base 9) to base 2
-10000011011111010
What is 10032331 (base 5) in base 3?
11002012121
-2ac16a (base 14) to base 9
-2725037
-1223112210 (base 4) to base 3
-211100011210
1125471 (base 8) to base 6
10320321
1240a (base 16) to base 4
102100022
210411203 (base 5) to base 8
3250346
313102411 (base 5) to base 14
25bc68
-253012 (base 6) to base 13
-a433
What is 143321422 (base 5) in base 12?
308392
What is a4389 (base 14) in base 13?
10b238
53c91 (base 15) to base 5
32003321
33142 (base 9) to base 13
a016
What is -868911 (base 10) in base 12?
-35aa13
175babb (base 12) to base 13
100b66b
14111234 (base 8) to base 9
5881545
Convert -585d5 (base 14) to base 12.
-a4653
Convert 233312350 (base 6) to base 11.
2510987
Convert 35122543 (base 6) to base 4.
10020222333
What is -1ab062 (base 12) in base 2?
-1110100000010001010
What is -495c0 (base 14) in base 7?
-1345230
What is -1381660 (base 10) in base 8?
-5212434
What is 201042311 (base 5) in base 16?
c33da
-4010100242 (base 5) to base 3
-112212001021210
What is -26ecc1 (base 15) in base 2?
-111001001001011110111
What is -6148929 (base 11) in base 6?
-1024441125
Convert -2610607 (base 8) to base 7.
-6110551
-6ce31 (base 15) to base 11
-218050
What is -2103645 (base 7) in base 12?
-102819
What is -a1a07 (base 13) in base 14?
-7770c
-14034031 (base 5) to base 13
-50133
What is -1100100000110011111 (base 2) in base 5?
-101110030
-337b39a (base 12) to base 11
-5630932
What is 651668 (base 10) in base 8?
2370624
Convert -4430654 (base 9) to base 4.
-21011211202
What is -2102022022 (base 4) in base 10?
-598666
Convert 5b971 (base 12) to base 6.
2354221
What is -11001000000 (base 3) in base 6?
-1411513
-2ea0c3 (base 15) to base 4
-20220012321
Convert 136160 (base 7) to base 8.
63057
What is 5350 (base 12) in base 15?
2a8c
1810855 (base 11) to base 3
12210020222112
8992d (base 14) to base 5
41140304
Convert 2563607 (base 11) to base 13.
bc64a6
Convert -18a148 (base 11) to base 9.
-484068
Convert -1942b6 (base 12) to base 9.
-744353
Convert -75140 (base 12) to base 13.
-5511c
What is -481799a (base 12) in base 8?
-65222706
327582 (base 13) to base 10
1187331
5c63bc (base 14) to base 10
3167330
Convert -3968a7 (base 12) to base 15.
-139de7
-1147e2b (base 15) to base 8
-57162264
Convert 23500712 (base 8) to base 7.
61506046
What is 36623 (base 12) in base 11?
50219
141985 (base 10) to base 16
22aa1
What is 15413011 (base 6) in base 8?
2052737
What is 13170 (base 8) in base 15?
1a87
1350400 (base 6) to base 9
126070
Convert -c17da (base 14) to base 8.
-1614624
Convert -2213134 (base 5) to base 16.
-9690
What is -470819 (base 15) in base 2?
-1100111100100010100011
What is -140454023 (base 6) in base 11?
-166910a
What is -100201121012 (base 3) in base 8?
-565713
What is -125240 (base 9) in base 2?
-10010100011101110
-12258916 (base 10) to base 11
-6a1333a
Convert 25009a (base 13) to base 7.
10345454
Convert -5254233 (base 6) to base 12.
-104379
What is 412400344 (base 6) in base 7?
114354424
What is -350470 (base 8) in base 12?
-58b08
Convert 1237082 (base 9) to base 13.
1a7c6b
555515 (base 7) to base 13
357c5
Convert -6574 (base 10) to base 9.
-10014
Convert 402551 (base 7) to base 4.
100221203
Convert -8228a (base 12) to base 6.
-3345454
1a67596 (base 13) to base 6
511020512
Convert 4716123 (base 9) to base 12.
a2b940
-110101100000001100100 (base 2) to base 13
-494cb8
1000055314 (base 6) to base 3
200222101112101
Convert -200155112 (base 7) to base 9.
-23668532
-33423 (base 8) to base 14
-51d1
Convert -31202121 (base 4) to base 5.
-3233244
What is 850626 (base 9) in base 16?
7b76b
2221210210211 (base 3) to base 4
11333200213
What is -10010122221 (base 3) in base 14?
-186c8
What is -2236a5 (base 13) in base 11?
-501714
What is 5105610 (base 7) in base 4?
2110031130
-22310005 (base 6) to base 2
-10100101011110110101
What is -113774 (base 8) in base 7?
-221302
Convert -126631 (base 13) to base 12.
-1941b7
410571 (base 8) to base 12
66535
What is -344235 (base 12) in base 10?
-836681
What is 10000022 (base 4) in base 9?
24435
What is 5b597 (base 16) in base 7?
3115603
101212111222001 (base 3) to base 12
1b27417
Convert 1639b7 (base 14) to base 8.
2